. Suppose -x*b = -39313 - 3950. What is the units digit of b?
1
What is the units digit of (-2)/((-19348)/(-32255) + (-123)/205)?
2
Let n be 3*((-24)/(-9) - (13 - 11)). What is the tens digit of (1 - -700) + (n - 0)?
0
What is the hundreds digit of (2 + 0 - -41)*(1517 - -68)?
1
Let t(s) = -2*s**3 - 42*s**2 - 8*s - 26. Let j be t(-21). Let o = j + 197. What is the hundreds digit of o?
3
Let h(d) = -24*d**3 - 9*d**2 + 6. Let i(x) = 36*x**3 + 14*x**2 - 6*x - 9 + 6*x. Let t(g) = -8*h(g) - 5*i(g). What is the hundreds digit of t(2)?
1
Let t(f) = -2319*f + 968. What is the ten thousands digit of t(-20)?
4
Suppose 2*o - 2*s = -0*s + 1166, -3*o + 1741 = -5*s. Suppose o = h + 26. What is the hundreds digit of h?
5
Let n(g) = 4*g**2 - 13*g + 39. Let a be n(5). Suppose w + 0*p + 5*p - a = 0, -4*w - p = -391. What is the units digit of w?
9
Suppose -22*w = -17*w - 535. Let r = -111 + w. What is the units digit of -1 + 22 + r + 2 - -2?
1
Suppose 15*w = 72*w + 29*w - 238392. What is the hundreds digit of w?
7
Let k(s) = -2*s**2 + 12*s - 52. Let u be 34/(-51)*3*-8. Let w be k(u). Let h = 554 + w. What is the units digit of h?
2
Suppose -30 + 36 = -2*f. Let d be 2 + -3 + f + 6. Suppose -5*q + 531 = -4*v - 92, 0 = -2*q - d*v + 260. What is the tens digit of q?
2
Suppose 9*w = 13*w - 28. Suppose -1 - 62 = w*b. What is the tens digit of (b - 1)/(14/(-84))?
6
Let r = 2030 + -708. Suppose -311*w = -309*w - r. What is the tens digit of w?
6
Suppose -173 = -3*q + 4*m, 5 = -5*m + 4*m. Suppose -q = -9*y - 8*y. What is the units digit of y?
3
Suppose 282534 + 913031 = 35*x. What is the units digit of x?
9
What is the tens digit of (13 - (67485/22 - -5))/(1/(-4))?
3
Let b be (-4232)/48*-3*(27 - -1). Suppose 9*f + 3104 - b = 0. What is the units digit of f?
8
Let k = -24 + 33. Suppose -c + k = -374. What is the tens digit of c?
8
Let j(h) be the third derivative of h**5/10 + 3*h**4/2 - 65*h**3/6 - h**2 + h. What is the hundreds digit of j(-19)?
4
Suppose 5*m + 3594 = 26189. Suppose -m = -5*n - 2*b - 312, 4*b = -n + 827. What is the tens digit of n?
4
Let s(k) = -k**3 - k**2 + 126. Suppose -4*f = -u + 25, u - 5*f = 5*u + 5. Let i be 20/(-100) - (-1)/u. What is the tens digit of s(i)?
2
Suppose -4*z - 3674*q + 3676*q + 168788 = 0, -5*q - 126584 = -3*z. What is the thousands digit of z?
2
What is the tens digit of ((-22)/4 - -6)*((-224832)/(-6) + 4)?
3
Let j(l) = -270*l**3 - 3*l**2 + 54*l - 19. What is the hundreds digit of j(-6)?
8
Let l = 42043 - 23469. What is the hundreds digit of l?
5
Let s(l) = -3*l + 3. Let z be s(11). Let i = z - 133. Let y = i + 272. What is the tens digit of y?
0
Suppose -3*f - 2*m = -7, -11 = -4*f - 4*m + 3*m. Suppose -b - f*b = -60. Suppose -461 - b = -4*d. What is the tens digit of d?
1
Let c(m) = 46*m**2 + 27*m - 58 - 49*m - 11. What is the thousands digit of c(-5)?
1
Suppose -151*q = -1350510 - 401543. What is the ten thousands digit of q?
1
Let j = 6913 + 85. What is the hundreds digit of j?
9
Let v be (-2)/1*2 - (-2016)/112. Suppose 0 = -v*j + 60*j - 51152. What is the thousands digit of j?
1
Let y = -63 - -55. Let v be (26/6 - y/(-6)) + 477. Let b = v - 318. What is the hundreds digit of b?
1
Suppose -34*n = -12*n - 44. Suppose -3*t + 2*t = -5*h + 1373, 533 = n*h + 5*t. What is the units digit of h?
4
Suppose 2*s = 8*s + 5544. Let p = -344 - s. What is the hundreds digit of p?
5
Let l = -1219 + 1933. Suppose -2078 = -5*j - 2*o + l, 0 = j + 2*o - 552. What is the hundreds digit of j?
5
Suppose 36*w - 94*w = -163038. What is the tens digit of w?
1
Suppose 23007 = 20*f - 65813. What is the hundreds digit of f?
4
Suppose -43246 + 16618 = -21*d. What is the tens digit of (0 + d)/(-12 + (-196)/(-14))?
3
Let l = 189 + -186. Suppose -255 = -b + 4*h, 3*b - l*h = 682 + 101. What is the hundreds digit of b?
2
Suppose -33*l + 963820 = 16*l + 6*l. What is the ten thousands digit of l?
1
Suppose 11110 = 19*p + 3*p. Suppose 5*d - 4*z - 1775 = p, 2*z = 10. What is the units digit of d?
0
Let p(g) = -g. Let b(w) = -16*w - 57. Let i(y) = -b(y) - 6*p(y). What is the hundreds digit of i(7)?
2
Let p = -67 - -71. Suppose p*h - 252 = 292. What is the hundreds digit of h?
1
Suppose -12892 = -9*r + 22532. What is the thousands digit of r?
3
What is the hundreds digit of (-2)/(-10)*-1 + 1482/1235 - -1115?
1
Let s(z) = z**2 - 2*z - 1. Let x be s(-1). Let n be 4/(2 + x)*4. What is the tens digit of -27*(-1)/(n/12)?
8
Suppose 0 = -18*y + 7590 + 28429 + 2825. What is the tens digit of y?
5
Suppose -4*n + 333 = 4*x + x, 0 = -5*n - 5*x + 415. Suppose -4*k + 98 = -n. What is the units digit of (-6)/(-10) - (-1503)/k?
4
Suppose 3*d - 77000 = i + 23729, 3*i = -5*d + 167905. What is the tens digit of d?
7
Suppose -47 - 114 = -7*f. Suppose -867 = f*p - 26*p. What is the hundreds digit of p?
2
Let y be 5 - ((-20)/50 - 277/(-5)). What is the units digit of (0 + -5)*(5 + 6660/y)?
1
Let h = 4764 - 3403. What is the thousands digit of h?
1
Suppose -23*b - 15 = -28*b, 2*t = 2*b - 98. Let k = t - -714. What is the units digit of k?
8
Let c = 86 - 84. Let f(x) = 14*x**3 - 2*x**2 + 5. What is the units digit of f(c)?
9
Let w(h) = -9*h**2 - h - 595. Let q(a) = -16*a**2 - 2*a - 1189. Let c(x) = -4*q(x) + 7*w(x). What is the units digit of c(0)?
1
Suppose -11*o = -10*o - 159. Let z = 232 - o. What is the units digit of z?
3
Suppose -16 = -n - 3*z + 7, n - 2*z = 48. Let u be (13 - 1044/60)/((-2)/35). Let y = n + u. What is the tens digit of y?
1
Let j(a) = a**2 + 5*a - 19. Let z be j(3). Suppose 14 + 7 = f + z*r, 2*r + 84 = 4*f. Suppose -24*o - f = -27*o. What is the units digit of o?
7
Let r(n) = -9*n**2 + 6*n - 3. Let w be (18 - 16)*(-1 + 0/1). Let b(i) = 8*i**2 - 6*i + 3. Let m(d) = w*b(d) - 3*r(d). What is the hundreds digit of m(4)?
1
Let f(o) = 177*o**2 + 3*o + 13221. What is the units digit of f(0)?
1
Let i be (-81)/(-6)*((-53)/3 - -1). What is the tens digit of (-5)/(i/10) + 9498/27?
5
Suppose 13*x - 2928 + 36968 = 23*x. What is the thousands digit of x?
3
Let f = -4619 + 7811. What is the hundreds digit of f?
1
Suppose 44*g = 90*g - 289432. What is the units digit of g?
2
Let g(w) be the second derivative of -292*w**3/3 - 15*w**2/2 + 9*w - 3. What is the tens digit of g(-1)?
6
Let z be ((-3)/((-9)/(-10)))/((-24)/36). Suppose -z*g = -0*g + 5*l - 210, -2*g + l = -93. Let f = 52 - g. What is the units digit of f?
7
Suppose -1358 - 970 = -o + 4*l, -o - 5*l = -2355. Suppose j - 6*j + o = 0. What is the units digit of j?
8
Let y(o) = -4*o - 11. Let t be y(-4). Suppose 0 = l - k - 26, -l + t*l + 3*k = 118. Suppose -111 = -5*p + 3*q + 73, -5*q - l = -p. What is the units digit of p?
8
Let g(d) = 46*d + 1203. What is the thousands digit of g(23)?
2
Let l(z) = z**2 - 13*z - 11. Let v be l(14). Suppose -3*t + 2*t + 43 = v*k, -3*t = -2*k - 96. Suppose -y + t = -34. What is the units digit of y?
8
Let z(r) be the first derivative of -r**4/4 - 8*r**3/3 + 9*r**2/2 + 34*r - 81. What is the tens digit of z(-9)?
3
Suppose -5 = -l + 27. Let g = l - -34. Let i = 108 - g. What is the units digit of i?
2
Suppose 3393591 = 149*j + 94*j - 1701147. What is the units digit of j?
6
Suppose 0 = 8*r - 27909 - 11667. What is the hundreds digit of r?
9
Let w(t) = -3*t**3 - 4*t**2 - 7*t - 6. Let r(k) = -k**3 - k - 1. Let d(h) = -2*r(h) + w(h). Let y be d(-3). What is the hundreds digit of (-214)/(-2*2/y)?
1
Let l = -231 - -225. What is the units digit of 287 + (l + 15 - 3)?
3
Let h = -65 + 73. What is the hundreds digit of h + (-68)/8 - (-3178)/4?
7
Let i(g) be the third derivative of -g**4 - 5*g**3/6 - 245*g**2. What is the hundreds digit of i(-11)?
2
Let v = -12603 + 22660. What is the units digit of v?
7
Suppose a = 1 + 35. Let m be (426/24)/1 + (-1)/(-4). Let y = a + m. What is the tens digit of y?
5
Let k = 625 + 489. What is the units digit of k?
4
Suppose 0 = -0*y + 5*y - 10. Let v(h) = 52*h**2 - 4*h + 132 + 148 - 51*h**y - 46. What is the tens digit of v(0)?
3
Suppose 2*n - 1329 = -2*k + 2487, 5*n - 7635 = -4*k. Suppose 9*q - k = 1047. What is the tens digit of q?
2
Let h(z) = -19*z**2 - 6*z + 7. Let p be h(2). Let a = p - -299. What is the units digit of a?
8
Let f = -18 + 49. Suppose 146 = -29*a + f*a. Suppose 3*q + 43 = v - 58, 0 = -v - 4*q + a. What is the units digit of v?
9
Let j = -29 + 29. 